Let c be (-225)/2*280/(-105). Suppose 34*v = 32*v + c. Calculate the greatest common divisor of 200 and v.
50
Let l = 833 + -834. Let j be l - (-527)/3 - 399/(-1197). What is the greatest common factor of j and 70?
35
Let g(j) = -30*j**3 + 66*j**2 + 196*j - 4. Let r be g(-3). Calculate the highest common divisor of 2204 and r.
116
Let m = 15380 - 14685. What is the highest common factor of m and 4448?
139
Let m(n) = 33*n - 25. Let f(t) = -t**3 - 8*t**2 - 14*t + 10. Let k be f(-5). Let w be m(k). What is the greatest common divisor of w and 35?
35
Let y(u) = -16*u + 1993. Let c be y(51). What is the greatest common factor of c and 22?
11
Let r be 15*((-3366)/(-270) - (0 + (-12)/(-15))). Calculate the highest common divisor of 224 and r.
7
Let q(t) = -2*t**3 - 29*t**2 + 83*t + 58. Let j be q(-17). Calculate the highest common divisor of j and 24196.
92
Suppose -125*k = 3*d - 122*k - 951, 7*d = -k + 2237. Calculate the highest common divisor of d and 430.
10
Suppose t = -4*q + 524 + 108, -t + 5*q = -668. What is the greatest common divisor of 1056 and t?
24
Let x(w) = w**2 + 28*w + 6. Let l be x(-28). Let k be 26/l + -4*5/60. Calculate the highest common divisor of k and 44.
4
Suppose 220*l - 120 = 216*l. Let t be 438/18 - 100/30. Calculate the greatest common factor of l and t.
3
Let j be 23/((-42)/(-45)*(-30)/35 - -1). Calculate the greatest common divisor of 184 and j.
23
Suppose -5*p + 670 - 160 = 0. What is the greatest common divisor of p and 1088?
34
Let s be 144/68 + 38/(-323). Suppose i - 51 = b + 19, s*i - 5*b - 155 = 0. Calculate the highest common divisor of 26 and i.
13
Suppose -s - 26 = -3191*a + 3195*a, -2*s + 4 = 4*a. Let l(t) = 7*t + 8*t**2 - 3 - 3 + 0. Let o be l(-6). Calculate the highest common divisor of s and o.
30
Suppose -373*b + 8*b + 17*b = -326424. Calculate the greatest common divisor of 8 and b.
2
Let z(g) = -2 + 3 + 4*g - g + g. Let h be z(1). Suppose -3*a - 1 = m, m + 0*m = h*a - 9. Calculate the highest common divisor of a and 16.
1
Let s be (7 - -828)/(1*-1). Let m be s/(-4) - -2*2/16. Suppose 7*z + 11*z - 198 = 0. What is the greatest common divisor of z and m?
11
Let y = 9024 - 9010. What is the greatest common divisor of 6398 and y?
14
Let f(t) = -6*t - 50. Suppose -27*p - 198 - 72 = 0. Let n be f(p). Calculate the highest common divisor of 60 and n.
10
Suppose 14*a - 6760 = 34596. What is the greatest common divisor of 28 and a?
14
Let m(g) = -18*g**3 + 4*g**2 + 6*g + 7. Let d be m(-2). Let x = -424 + 486. What is the greatest common divisor of x and d?
31
Let h(x) = 8*x**3 + x**2 - x - 1. Suppose 0 = -l - w + 1, 2*w + 1 = 2*l + 5*w. Let s be h(l). What is the greatest common divisor of 117 and s?
13
Let q(f) = 141*f + 1516. Let i be q(-8). Calculate the greatest common factor of i and 28.
4
Suppose -3*c + 78 = -b - 149, -3*c - 5*b + 197 = 0. What is the greatest common factor of 13246 and c?
74
Suppose -2*s + 35 = -27. Let n = -103 + 107. Suppose f = -n*f + 3*v + 1404, -3*f - 2*v = -831. Calculate the greatest common divisor of s and f.
31
Suppose 108 + 495 = -5*r + f, 2*r + 232 = 5*f. Suppose 8*n + 217 = -175. Let o = n - r. Calculate the greatest common divisor of 9 and o.
9
Let d(b) = 641 - 3*b**2 - 299 - 15*b - 304 - 2*b**3 + 30*b**2. Let i be d(13). What is the highest common factor of 72 and i?
12
Suppose -3*k + 70 - 28 = 0. Let x(w) = -6*w**3 - 10*w**2 + 5*w - 40. Let a be x(-8). Suppose 14*p = -14*p + a. Calculate the highest common divisor of k and p.
14
Suppose 162 = 2*v - 7*x + 4*x, -v + 96 = x. Let r be (-1 - -5)*(-27)/(-4). Calculate the greatest common factor of r and v.
9
Let g(n) = 6*n**2 + 10*n - 24. Let f be g(-9). What is the highest common factor of f and 5766?
186
Let s = 31 - 19. Suppose -15*p - 949 = -2*p. Let x = 85 + p. Calculate the highest common factor of x and s.
12
Let y be 3 + -8 + (-23 - -1). Suppose 0 = -j - j - 2. Let g = j - y. Calculate the greatest common divisor of g and 13.
13
Suppose -13*v - 587 + 191 = -35*v. What is the highest common factor of v and 1278?
18
Let t(d) = 301*d + 3628. Let v be t(-8). Calculate the highest common divisor of 8 and v.
4
Let p(t) = 2*t**2 + 60*t + 666. Let v be p(-12). Calculate the greatest common divisor of 1566 and v.
18
Let u be (-2755)/57*-6 + -4. Calculate the highest common divisor of u and 364.
26
Suppose 41 = 5*o + 3*r - r, o = -2*r + 13. Let z be (-5)/3*(-4 - (-5 + o)). Suppose 0*n - 5*n + 10 = 0. Calculate the greatest common divisor of z and n.
2
Suppose 3937 = w + 2768. Calculate the highest common factor of 2004 and w.
167
Let w be (-18)/8*(-11 - (3 - 2)). Calculate the greatest common factor of w and 243.
27
Suppose 321 = 5*l - 699. Let r = -201 + l. What is the highest common divisor of 27 and r?
3
Let w be 2*3/4 + (-33)/(-22). Suppose 0*j = -j - 3, w*f + 4*j - 1596 = 0. Suppose -1397 = -3*b - f. What is the greatest common divisor of b and 41?
41
Let p = 82 - -86. What is the highest common factor of p and 39?
3
Suppose 490613 = 169*j + 30350 - 76312. What is the highest common factor of j and 25?
25
Let n = 3068 - 3055. Calculate the highest common divisor of n and 15977.
13
Let o(a) = -a**2 - 20*a - 37. Let z be o(-17). Suppose 4*v - z*v + 250 = 0. What is the greatest common divisor of v and 75?
25
Suppose 5*x - 56 = -t, 4*t = 2*x - 4 + 8. What is the highest common factor of x and 7970?
10
Let b be (-6)/(3/8*(8 - 9)). Suppose -b = 2*h + 3*a - 72, 0 = 2*h + 4*a - 52. What is the highest common factor of h and 6?
2
Let z be 12/15 - (-8 - (-7252)/(-35)). What is the greatest common factor of 60 and z?
12
Suppose -t - 95 = -4*f - 443, -2*t + 4*f + 716 = 0. Calculate the highest common divisor of 416 and t.
16
Let u be 1/((-1)/(-4))*(-3)/(-6). Suppose -u*b - 25 = 5. Let i be -2 - 942/(-8) - b/(-20). Calculate the highest common divisor of i and 23.
23
Let x(l) = l**2 + 31*l + 222. Let p be x(-28). What is the greatest common divisor of 102 and p?
6
Let c = -3581 + 7521. What is the highest common divisor of c and 20?
20
Let t(m) = -14*m - 95. Let i be t(-19). Suppose -11*u - i + 490 = 0. Calculate the greatest common factor of u and 551.
29
Let h(l) = l**2 + 22*l - 246. Let q be h(-43). Calculate the highest common factor of 387 and q.
9
Suppose 320*c = r + 321*c - 12130, -3*r + 36386 = 2*c. What is the highest common divisor of 516 and r?
258
Suppose 2*q - 1346 + 56 = 0. Let j = q + -391. Suppose w = 0, 3*p + 2*w - j = 142. Calculate the greatest common divisor of 33 and p.
33
Suppose -12*t + 10*t + 600 = 0. Suppose -t = -9*k + 3*k. Suppose -q + 59 = -4*v, q + v - 71 = 2*v. What is the highest common factor of q and k?
25
Suppose -62 = -n - 5*j, 0 = n + n - 2*j - 64. Let d = 2 - -5. Suppose d*r - 75 = n. What is the highest common factor of r and 16?
16
Suppose -2*l - 26 = 4*g, l - 11 = 148*g - 147*g. Calculate the highest common factor of 11967 and l.
3
Let q be (-1304)/((-11 + 12)*-2). What is the highest common factor of 20 and q?
4
Let h = 11054 - 9227. What is the highest common divisor of h and 273?
21
Let c(l) = -2*l - 3. Let y be c(-21). Let g(w) = -4*w + 10. Let o be g(-17). Suppose -4*j - o = -6*j. Calculate the highest common factor of j and y.
39
Suppose -7524 = -3*s + 3*d, 4113 = 4*s - 5*d - 5921. What is the highest common factor of s and 224?
14
Let a be 1*2 + 1 + 20. Let q be 1/6 + 59916/(-72) + 4. Let o = -575 - q. What is the greatest common factor of o and a?
23
Let s be -15*10 - (-20 - -15). Let f = s - -149. What is the greatest common divisor of f and 4?
4
Suppose 4*p - 262 = 4*v + 1130, -4*p + 1419 = 5*v. What is the highest common divisor of 243 and p?
27
Suppose 341 = 3*y + 4*s - 457, -2*s = -5*y + 1356. Suppose 0 = c - 2*p - 235, -13*p + y = c - 8*p. Calculate the highest common divisor of 35 and c.
35
Suppose 0 = 15*r + 355 + 335. Let x = r - -124. What is the highest common factor of 26 and x?
26
Let o = -2623 + 2819. What is the greatest common divisor of o and 20?
4
Let f = 830 - 853. Let x be f/((-1058)/(-4)) - 1522/(-46). What is the highest common divisor of x and 99?
33
Suppose -6 = -2*t - 12, -5*w = 5*t - 810. Calculate the highest common divisor of 440 and w.
55
Let y be (-8)/(-20) + ((-4)/10 - 0). Suppose 115 = 5*g - 3*q, -3*g + y*q = -2*q - 68. What is the highest common divisor o